7).
11
Let m(w) be the second derivative of w**4/3 - 4*w**3 + 27*w**2/2 + 4308*w. Give m(2).
-5
Suppose -4*w + 15 = -3*f, f = -4*w + 2*w - 5. Suppose -2*b + b + 2 = w. Let i(p) = p**b + p + p + 3 - 3*p + 1. Determine i(-4).
24
Let k(t) = 9*t - 18*t + 1 + 13*t**2 + 12*t. Let h be k(-2). Suppose -h = 8*r + 9. Let o(v) = v**2 + 4*v - 7. What is o(r)?
14
Let r(z) = -z**3 - 9*z**2 - 18*z - 1. Let b(d) = d**3 - 53*d**2 - 55*d + 48. Let t be b(54). Determine r(t).
-1
Let s(q) = 7*q**3 - 32*q**2 - 12*q - 13. Let x(p) = 8*p**3 - 37*p**2 - 13*p - 14. Let r(f) = -7*s(f) + 6*x(f). Give r(-2).
11
Suppose -2*z + 823 = 333. Let i = z + -250. Let c(d) = -2*d - 4. Give c(i).
6
Suppose 39*p - 48*p - 45 = 0. Let h(w) = -w**2 + 2*w + 9. Let c(d) = -3*d**2 + 5*d + 26. Let j(s) = 6*c(s) - 17*h(s). What is j(p)?
-2
Let p(v) = 5*v + 45. Suppose 0 = -7*j + 10*j + 35*j + 342. Determine p(j).
0
Let x(n) be the second derivative of n**4/12 - 3*n**3 - 2*n**2 + 8424*n. Give x(0).
-4
Let j be -1 + 2 + 3*(-66)/9. Let v = 74 + -90. Let m = v - j. Let q(s) = s**3 - 6*s**2 + 6*s + 1. What is q(m)?
6
Suppose -30 = -3*l - 24. Suppose -2*v - 7 = -t - 4*t, 0 = 5*v + 5. Let m(f) = t + 3*f + l - 1 + 5. Determine m(-6).
-11
Let j(n) = 12*n + 7. Let f(t) = -2*t - 3. Let q(a) = -3*f(a) + j(a). Determine q(-1).
-2
Let l(g) = -52*g + 14 - g**2 - 18 - 6 + 13 - 6. Calculate l(0).
-3
Suppose 0 = -4*a - g - 11 - 7, 2*g + 4 = 0. Let c(u) be the first derivative of -u**4/4 - 5*u**3/3 - 2*u**2 + 3*u - 36. Calculate c(a).
3
Let n(r) be the third derivative of r**6/30 + r**5/60 + 7*r**4/24 + 7*r**3/6 + 4253*r**2. What is n(-1)?
-3
Suppose r + 29*r - 9990 = 0. Let n = -336 + r. Let c(f) be the second derivative of -f**5/20 - 5*f**4/12 - f**3/2 - 2*f**2 - f. What is c(n)?
-13
Suppose -26*y = -16*y - 30. Let h(u) = -u**2 - 27 + 2*u**2 - u**y + 21 - 7*u**2 - 2*u. Give h(-6).
6
Let d(j) = j**3 - 12*j**2 + 15*j + 11. Let i be d(11). Suppose -i + 95 = -8*f. Let x(h) = -h**3 - 4*h**2 + 8*h + 12. Determine x(f).
-3
Suppose 0 = -k - 24 + 46. Let j(z) = k*z + 23*z - 1 - 44*z. Let f = 15 - 11. Give j(f).
3
Let p = 339 - 295. Let v = p - 38. Let d(z) = 3*z - 13. Let n(f) = 4*f - 19. Let r(m) = -8*d(m) + 5*n(m). Determine r(v).
-15
Let p = -127 + 176. Suppose -8*j - p + 17 = 0. Let d(l) = l**2 - 5. Give d(j).
11
Suppose -2*m + 311 = 45. Let k = m + -139. Let t(y) = y + y + 2 + 0. Give t(k).
-10
Let q = 84 + -74. Let t(u) = 83*u - u**2 - 83*u + q. Suppose 2*k = -2*k. Calculate t(k).
10
Let u be ((-1)/(-2)*0)/1. Let g(j) be the second derivative of -7*j**2 - 1/12*j**4 + 0 + 1/6*j**3 - 94*j. What is g(u)?
-14
Let u = -36827 + 36821. Let q(d) = d + 1. Determine q(u).
-5
Let c(z) = z**2 + 51*z + 17. Let j(m) = 2*m**2 + 95*m + 33. Let h(u) = -11*c(u) + 6*j(u). What is h(-9)?
11
Let h(i) = 1114*i - i**3 + 4*i**2 + i**2 - 1117*i + 2. Suppose 0 = -n - g + 5, 2*n + 2*g - 7 = n. Calculate h(n).
11
Let f(c) = -2*c**3 - 17*c**2 + 9*c - 14. Let l(d) = 2*d + 75. Let s be l(-42). Let p be f(s). Let o(y) = y**3 + 14*y**2 - y - 17. Calculate o(p).
-3
Let r(p) = p**3 + 4*p**2 + 2*p + 5. Suppose 11*z - 12*z - 4*c = 17, 2*z - 10 = 3*c. Let a be ((-5)/(-5) - -3)/z. Give r(a).
-3
Let b(j) = -2*j**3 - 5*j**2 - 4*j. Suppose 86*f = 104*f - 774. Suppose -14*m - f = -15. What is b(m)?
4
Let a(f) = -f**3 - 32*f**2 + 12*f - 18. Let v(t) = -t**3 - 30*t**2 + 10*t - 18. Let l(x) = -6*a(x) + 7*v(x). Give l(-18).
18
Let x(s) = -15*s - 4. Suppose -32*p - 4350 = -26*p. Let u = p - -721. Give x(u).
56
Let n = -8898 + 8897. Let b(c) = -40*c - 6. Give b(n).
34
Suppose l = -l + a - 17, -2*l - 20 = -4*a. Let x(p) = p**2 + 8*p - 1. Let f(u) = u**2 + 9*u + 11. Let m(q) = f(q) - 2*x(q). What is m(l)?
5
Let j(m) = -m**2. Let w be j(5). Let u = -17 - w. Suppose -25 = 3*g - u*g. Let o(f) = -f**3 + 5*f**2 - 5. What is o(g)?
-5
Let q(k) = -k - 5. Let r(i) = -5*i - 21. Let o(s) = -4*q(s) + r(s). Let d be 2/8 + 5/(-20). Suppose -2*c = v + 14, 4*v - c + 16 + 13 = d. Calculate o(v).
7
Let o(s) = -66*s**2 + s + 1. Let l(u) = -263*u**2 + 16*u - 138. Let v(w) = -l(w) + 4*o(w). What is v(-19)?
9
Suppose s = -2*l + 2*s + 8, -2*l + 12 = -2*s. Let k(u) = -6 + 3*u**2 + 3*u**l - u**3 - 5*u + u**2. Let r be 18/(-5)*-10*9/54. What is k(r)?
0
Let y(o) = -43*o + 2464. Let f be y(57). Let h(g) = -g - 7. Determine h(f).
-20
Let j(v) = v**3 - 8*v**2 - 11*v + 15. Let z be (-9)/(-6) - 5598/(-36). Suppose 19*o - 14 = z. What is j(o)?
-3
Let o(t) be the first derivative of 1/6*t**3 + 0*t**4 + 9/20*t**5 - 18*t + 8 - 1/2*t**2. Let q(g) be the first derivative of o(g). Give q(1).
9
Let g(s) be the first derivative of -s**4/12 + 23*s**2/2 - 39*s + 31. Let t(z) be the first derivative of g(z). Calculate t(0).
23
Suppose 8*u = 40 - 0. Let d(z) = z**3 + 0 + 32*z**2 + u - 30*z**2 - z. What is d(-4)?
-23
Let u(p) be the second derivative of p**6/180 + p**5/120 - p**4/24 - 29*p**3/2 + 34*p - 1. Let x(b) be the second derivative of u(b). Give x(-3).
14
Let q(r) = -r**3 - 21*r**2 + 15*r - 16. Let o be q(-22). Let h = o + -138. Let f(s) = -5*s - 2. Let g(i) = i. Let x(d) = f(d) + 4*g(d). What is x(h)?
-2
Let s(l) = l**2 + 17*l + 22. Suppose 26*x + 172 = -261 + 17. Calculate s(x).
6
Let r = -7 - -12. Let q(a) = 7*a + 11*a**2 - 5 - r*a**2 + a**3 - 5*a**3 + 3*a**3. Let u(f) = -f**3 - 10*f**2 - 10*f - 2. Let i be u(-9). Calculate q(i).
-5
Let p(k) be the second derivative of 7 + 5/6*k**3 + 7*k + 17/2*k**2. Determine p(-6).
-13
Suppose -18 = 309*h - 307*h. Let l(j) = j**2 + 6*j - 9. What is l(h)?
18
Let u(p) = -3*p**2 + 2*p**2 - 16 + 15*p + 9. Let q be u(14). Let r(l) be the second derivative of -l**3/2 - l**2/2 + 35*l. Determine r(q).
-22
Let c(f) = 6*f**3 - 26*f**2 - 16*f - 3. Let b be c(5). Let v(y) = -y**2 + 21*y + 18. Determine v(b).
86
Let q(j) be the third derivative of j**4/24 + 2*j**3 - 125*j**2. Let v(u) = u**2 - 21*u + 85. Let d be v(7). Give q(d).
-1
Let c be -3*(380/(-36) + -1)*3. Let g = -62 + c. Let q(w) = -46*w - g*w + 6 - 3 + 98*w. Give q(-2).
-17
Let t(j) = -20*j - 17. Let f be t(-1). Let u(l) = 3*l - 27. Let d(n) = -6*n + 50. Let i(c) = f*d(c) + 5*u(c). Give i(11).
-18
Let t(z) = -z + 18. Suppose 3 = -k, -3*f - k - 9 = -2*k. Let j(y) = -1. Let n(m) = f*j(m) - t(m). What is n(13)?
-1
Let j(f) = 4*f**2 + 2*f - 4 + 2*f**2 - 5*f**2. Let w = 12156 - 12153. What is j(w)?
11
Let v(i) = -2*i - 34. Let w be v(-18). Let f(l) = -71*l - 11. Let y(p) = 109*p + 18. Let b(z) = -8*f(z) - 5*y(z). What is b(w)?
44
Let k(j) = 3*j**2 - 33*j - 7. Let f = -3245 - -3256. Calculate k(f).
-7
Let y(g) = 17*g - 54. Let l be y(19). Let z = 260 - l. Let n(o) = o + 4. Let p(k) = 1. Let i(u) = -n(u) - 4*p(u). What is i(z)?
1
Suppose 5*x + 162 = 172. Let j(s) = 21*s**2 - 33*s**2 + 5*s + x + 13*s**2. Calculate j(-4).
-2
Let s(h) = -30*h**3 + 32*h**2 + 31*h - 3. Let z(v) = -25*v**3 + 31*v**2 + 28*v - 2. Let r(w) = 4*s(w) - 5*z(w). What is r(6)?
10
Let n(l) = 1137*l + 4*l**2 - 2286*l + 1137*l - 50 - 5*l**2. Determine n(-8).
-18
Let i(p) be the first derivative of -p**3/3 - 19*p**2/2 - 76*p - 1430. Give i(-12).
8
Let z(a) be the first derivative of 0*a + 315 + 1/2*a**2. Let q(u) = 2*u**2. Let o be q(-1). What is z(o)?
2
Let g(s) = s + 12. Let t(c) be the first derivative of -c**4/4 - 37*c**3/3 - c**2/2 - 54*c - 45. Let o be t(-37). Give g(o).
-5
Let a(w) = -w + 1. Let z be a(4). Let f(m) = -m**2 - 23*m - 57. Let v be f(-20). Let k(l) = 42*l + 41*l - 84*l + v. What is k(z)?
6
Let s(a) = -a - 13. Let x = 3171 - 3192. Determine s(x).
8
Let c = 5821 - 5853. Let p(l) = 6*l + 159. Determine p(c).
-33
Let d be 1 + -2 - (1 + -2 - 7). Let k be 34/(-4)*(-30)/15. Let p(h) = 0*h - k - 13 + h + 23. What is p(d)?
0
Suppose 2*g - 8 = 60*v - 58*v, 0 = 4*g - 5*v - 18. Let s = 15 + -10. Let f(z) = -s*z**2 + z**3 + z**2 + 3*z**2. Calculate f(g).
4
Let p(f) = 11*f - 1. Let s = -22398 + 22407. Determine p(s).
98
Let d = -26263 - -26255. Let m(f) = -f**3 - 13*f**2 - 42*f - 7. What is m(d)?
9
Suppose 0*k + 30 = 5*k - 5*i, 5*i - 60 = -4*k. Let y(x) = x**2 - 10*x + 1. Let a be y(k). Let g(c) = -3 + 2*c - a + 7. Calculate g(-3).
-3
Let y(u) be the first derivative of -121 + 10*u + 3/2*u**2. Determine y(-7).
-11
Let v(x) be the first derivative of x**3/3 + 2*x**2 - 23*x - 5288. What is v(3)?
-2
Let v = 4 + 0. Let l be v - -1*(14 - 4). Let 